at is 111 - -100120001120211?
100120001121022
In base 15, what is 28 + 889132?
88915a
In base 9, what is 5271622 - -61?
5271683
In base 12, what is 4 - -117b0316?
117b031a
In base 11, what is 471 - -16175?
16636
In base 2, what is -1011101101101 + -11011110000?
-1111001011101
In base 13, what is -b1 - 1490a?
-149bb
In base 10, what is 53 + 2286?
2339
In base 5, what is 124 - 41302043?
-41301414
In base 7, what is -34601 + 210140?
142236
In base 2, what is 11101001 - 1000111010000110111111?
-1000111010000011010110
In base 3, what is -11000 + -110110221100?
-110111002100
In base 15, what is -31 - -6cd1c?
6ccdb
In base 15, what is 24cb + -8d9?
1ae2
In base 2, what is -101010000101 + 10011000110101?
1101110110000
In base 13, what is 5a95a7 + 14?
5a95bb
In base 4, what is -13 + 33111011230?
33111011211
In base 16, what is 3 - 571adc?
-571ad9
In base 3, what is 2121100211121021 - 0?
2121100211121021
In base 16, what is 2 + 58b9fb0?
58b9fb2
In base 4, what is -302030330 - 1233131?
-303330121
In base 6, what is 0 + -25101424?
-25101424
In base 8, what is 5560662 - -260?
5561142
In base 2, what is -10110011010001101001101111 + 101?
-10110011010001101001101010
In base 3, what is -1121222012200 + 1110?
-1121222011020
In base 7, what is -16 - 421100043?
-421100062
In base 16, what is 1db43 + b7?
1dbfa
In base 11, what is 105205329 - 1?
105205328
In base 7, what is 2 + -3203562?
-3203560
In base 5, what is -101 - -222002100?
222001444
In base 6, what is 3 - -200411220?
200411223
In base 5, what is 142303 - -4310?
202113
In base 8, what is -63 + 47121476?
47121413
In base 7, what is 1506213 - -2250?
1511463
In base 2, what is 1111001 - -1000101110101000111?
1000101110111000000
In base 14, what is 134503 - -2cd?
1347d2
In base 15, what is -5797869c + 3?
-57978699
In base 7, what is -13 - 400042533?
-400042546
In base 4, what is -1012 + 103221122?
103220110
In base 13, what is 1 + 4894aa4?
4894aa5
In base 14, what is -1 - 106b61c?
-106b61d
In base 3, what is 120001102200 - 2202?
120001022221
In base 7, what is 55013 - -3463?
61506
In base 10, what is 3 - -5362282?
5362285
In base 2, what is 11011101101010101100111101011 + 100?
11011101101010101100111101111
In base 3, what is -111211200012 - 220?
-111211201002
In base 2, what is 10000011000001011010 + 100?
10000011000001011110
In base 8, what is 2243315 - -413?
2243730
In base 9, what is 50 - -54878051?
54878111
In base 11, what is -128 - 3656?
-3783
In base 10, what is 2770397 + 2?
2770399
In base 3, what is -1111020 + -200211200201?
-200220011221
In base 4, what is 2220 + 300331032?
300333312
In base 7, what is -243 - 151411?
-151654
In base 3, what is 100 - -2002122110122211?
2002122110200011
In base 9, what is 5 - 77151332?
-77151326
In base 10, what is -339 + 10062?
9723
In base 2, what is 110 + -110010100101010010101000100?
-110010100101010010100111110
In base 10, what is 28 - -754250?
754278
In base 7, what is -411 + -3012350?
-3013061
In base 7, what is 15044541 + -15?
15044523
In base 16, what is -8504 - 4fd?
-8a01
In base 8, what is -10747614 - 25?
-10747641
In base 15, what is 2d25303 + 4?
2d25307
In base 9, what is 1772815 + 4?
1772820
In base 12, what is 2512b + 0?
2512b
In base 16, what is 2a5e9e + 20?
2a5ebe
In base 4, what is -122300301012 + -220?
-122300301232
In base 7, what is 341132 + -5621?
332211
In base 2, what is 11101110101000011010 + 10?
11101110101000011100
In base 11, what is -1594a06 - 4?
-1594a0a
In base 10, what is -38 - 63726?
-63764
In base 15, what is 3b5610b - -11?
3b5611c
In base 14, what is -125b + 54c2?
4265
In base 7, what is 2362 - 406436?
-404044
In base 3, what is -11211121 - 121211?
-12110102
In base 5, what is 14104242 + 21232?
14131024
In base 15, what is 27e936 - a?
27e92b
In base 2, what is 110010 - 100011001100001001011101?
-100011001100001000101011
In base 11, what is -3504 - 47a1?
-81a5
In base 16, what is 455b77 + -6?
455b71
In base 11, what is -a - -85a867?
85a858
In base 10, what is 1 - -78123?
78124
In base 12, what is 11bb9a - 8?
11bb92
In base 10, what is 118101 - 76?
118025
In base 12, what is -5 - -b87253?
b8724a
In base 7, what is -1353 + -133333?
-135016
In base 15, what is 80cd + -ce?
7eee
In base 8, what is 1063 - -27556?
30641
In base 5, what is 222 + 1412240?
1413012
In base 10, what is -1235705 - -8?
-1235697
In base 6, what is 532121111 - -4?
532121115
In base 6, what is -21544 - 453?
-22441
In base 12, what is 7b - 1b27?
-1a68
In base 8, what is -43003 + -10326?
-53331
In base 13, what is -1b1b + -128?
-1c46
In base 10, what is 853985 + -48?
853937
In base 13, what is -1 - 39b268?
-39b269
In base 9, what is 13 - -38245654?
38245667
In base 7, what is -125610140 - -3?
-125610134
In base 11, what is -4 + 1477113?
147710a
In base 12, what is -209435 - 59?
-209492
In base 8, what is -233150 + -102?
-233252
In base 7, what is 1264 + 43645?
45242
In base 11, what is -1190a0319 + 1?
-1190a0318
In base 9, what is 38810 - -1707?
41617
In base 7, what is 114 + -25052055?
-25051641
In base 4, what is -3211 + -13300321010?
-13300330221
In base 10, what is 13449568 + 2?
13449570
In base 7, what is 226 - -304414?
304643
In base 8, what is 2 + -50727541?
-50727537
In base 11, what is 108 + -114857?
-11474a
In base 10, what is -113609 - -3?
-113606
In base 13, what is 6 + -3c4953?
-3c494a
In base 16, what is 1208e6 - 5?
1208e1
In base 8, what is -137254721 - 5?
-137254726
In base 10, what is 5020 - 6828?
-1808
In base 5, what is -323 + 3123010?
3122132
In base 2, what is -100100010100011 + -1100100?
-100100100000111
In base 12, what is 76158a - 2?
761588
In base 7, what is -3 + -46340325?
-46340331
In base 11, what is -64 + -58837?
-588a0
In base 8, what is -462200 - 67?
-462267
In base 9, what is -11045 + -2263?
-13318
In base 2, what is 1001000010011 - 1111110100000?
-110110001101
In base 16, what is -15d09 - 22?
-15d2b
In base 9, what is -57 + 351112?
351044
In base 12, what is -1063021 + -2?
-1063023
In base 5, what is 3024032 - 41203?
2432324
In base 7, what is -11 - -131411?
131400
In base 9, what is -51307452 + 26?
-51307425
In base 7, what is -6264444124 + 1?
-6264444123
In base 15, what is 2e - 1b7c6?
-1b797
In base 16, what is -2d - 776342?
-77636f
In base 13, what is -63a3cc67 + 2?
-63a3cc65
In base 15, what is -15 - -a8eee?
a8ed9
In base 6, what is 3531511202 + 34?
3531511240
In base 8, what is -370172 + -460?
-370652
In base 13, what is -3585442 + -4?
-3585446
In base 15, what is 10c414 - 1e?
10c3e5
In base 16, what is -1c4ccaf + 0?
-1c4ccaf
In base 8, what is 5 - 14143330?
-14143323
In base 4, what is 313023 - 111300313?
-110321230
In base 14, what is 21d6ca + 11c?
21d808
In base 3, what is 1200 - 20001200022?
-20001121122
In base 11, what is 5 - 10700a6?
-10700a1
In base 14, what is -405a - 25c?
-42b8
In base 14, what is 215c + dc8?
3146
In base 9, what is -74 - -85658?
85574
In base 7, what is -152250513 + -1?
-152250514
In base 13, what is 1 + 8969853?
8969854
In base 2, what is -101 - 1101010000000101110100?
-1101010000000101111001
In base 15, what is 560a + -273?
5387
In base 2, what is -101110010110010111011000101 + -10?
-101110010110010111011000111
In base 6, what is -2514 - -1200453?
1153535
In base 2, what is 10010111001110 - -101100001110?
11000011011100
In base 9, what is 11738 + -1278?
10450
In base 3, what is 2001002211212022201 + 10?
2001002211212022211
In base 14, what is -3 + -1d73bc?
-1d73c1
In base 4, what is -33 - 3123001212?
-3123001311
In base 5, what is 1412010440 + 2300?
1412013240
In base 12, what is 8990 - -3a73?
10843
In base 14, what is b + -4dc242d?
-4dc2422
In base 6, what is 41144 + -113041?
-31453
In base 7, what is -261315400 - 4?
-261315404
In base 10, what is -2540 + 2156?
-384
In base 15, what is -5 + -7981a?
-79820
In base 6, what is -45 + 210101151?
210101102
In base 14, what is -20356d + -5?
-203574
In base 4, what is 221312120122 - 21?
221312120101
In base 12, what is -110 + b647?
b537
In base 9, what is 586 + 2116283?
2116880
In base 2, what is -100011 + -1010100001010011110?
-1010100001011000001
In base 5, what is -30 - -101240010?
101234430
In base 3, what is -10221120 + 22221022?
11222202
In base 11, what is -a64aa4 - 28?
-a65021
In base 15, what is -b5347e + 2?
-b5347c
In base 16, what is 14a2 + df